27 = 5*c. Let q = c - k. What are the prime factors of q?
7
Let w(j) = -j**3 + 21*j**2 + 60*j - 101. What are the prime factors of w(22)?
3, 5, 7
Let n = -259 + 12. Let u = n - -386. List the prime factors of u.
139
Let f(s) = -63*s - 2. Let d be f(-4). Let m = d + -107. List the prime factors of m.
11, 13
Suppose 4*u = 9*w - 6*w - 58, 5*u + 53 = 3*w. List the prime factors of w.
2, 13
Let h(s) = 2*s - 4. Suppose -2*z + 7 = -1. Let m be h(z). Suppose 2*y - 27 = -0*y + 3*o, m*o = 3*y - 40. What are the prime factors of y?
2, 3
Let b = 2539 - 955. List the prime factors of b.
2, 3, 11
Let m = 101 + 167. What are the prime factors of m?
2, 67
Let r(y) be the third derivative of -y**5/60 - 11*y**4/24 - 3*y**3/2 - 4*y**2. Let t(l) = l**2 - 9*l + 9. Let u be t(6). List the prime factors of r(u).
3
Let f(q) = 8*q**2 - 5*q + 5. What are the prime factors of f(1)?
2
Let y = 11 + -11. Suppose -5*a = -2*v + 164, 3*v - 5*a = -y*v + 236. What are the prime factors of v?
2, 3
Let x be (25 + -67)/(3/(-4)). Suppose 2*b + 2*y = x, -3*b + y + 11 = -73. What are the prime factors of b?
2, 7
What are the prime factors of 2 + (1187 - 5/(-5))?
2, 5, 7, 17
Let l = -14 + 24. Suppose -61 = -11*s + l*s. List the prime factors of s.
61
Let s(a) = -7*a + 18. Let c(z) = z - 1. Let q(w) = -5*c(w) - s(w). Let o be q(12). Suppose 4*v - 20 = 3*u + 6, -3*v - 2*u = -o. List the prime factors of v.
5
Suppose -3*n + 2*s = -0*n + 26, 0 = 3*n + 5*s + 40. Let f(u) = -13*u + 9. List the prime factors of f(n).
139
Suppose 2*p - w = 93 + 77, -4*p + 312 = 5*w. Let v = -29 + p. What are the prime factors of v?
2, 3
Let l(m) = 153*m - 78. List the prime factors of l(4).
2, 3, 89
Suppose -2*l + 3613 = 3*l + 4*a, 0 = -3*a - 9. List the prime factors of l.
5, 29
Let a(s) = -s**2 - 4*s + 1. Let n be a(-4). Suppose 28*h - 54 = 26*h. Suppose n = -2*i - 4*d + 3, 5*i - d = h. List the prime factors of i.
5
Suppose -6*j + 22 = 5*j. Suppose -3*o = 5*z - 443, j*o = -3*z - z + 354. List the prime factors of z.
2, 11
Let y = 622 + -455. What are the prime factors of y?
167
Suppose -5*f + 10*f + 3*o = 6, -10 = -5*o. Suppose 0 = -2*g - 3*r + 14 + 111, f = -4*g - 5*r + 251. What are the prime factors of g?
2
Let a = -195 + 560. What are the prime factors of a?
5, 73
Suppose -39 = 6*g - 567. List the prime factors of g.
2, 11
Let d be 32/48*(-159)/(-2). Let q = -43 - -120. Let v = q - d. List the prime factors of v.
2, 3
Let p(l) = -l**2 + l + 4. Let t be p(0). Let f = 6 - t. Let u = 4 - f. List the prime factors of u.
2
Let h be (-1 - -5 - 4)/(-4). Let l be (3 - h) + -2 + 1. List the prime factors of 123/9 - l/3.
13
Let q be 1/(0 + -1)*-31. Let z = q + -20. What are the prime factors of z?
11
Let u(s) = 2*s**2 + 13*s + 11. Suppose -3*z + 5 = -2*y, -4*z + 1 + 5 = -3*y. Suppose 4*c + 32 = -2*q, z*c + 32 = -3*q - 4. List the prime factors of u(q).
5, 7
Let c(h) = -h**3 + 6*h**2 - 2*h - 5. Let g be c(5). Suppose -5*p = 2*i - 50, -2*i = 4*p - g - 42. List the prime factors of i.
2, 3, 5
Let q = -309 - -169. Let n be (6/(-5))/(6/q). Suppose -38 = -4*z + 2*u, 7*z - 4*z - u = n. What are the prime factors of z?
3
Suppose 3*h + 7*k - 2*k - 509 = 0, 5*h - 795 = 5*k. What are the prime factors of h?
163
Let x = 11 - 14. Let g = -5 - x. Let h = 20 - g. What are the prime factors of h?
2, 11
Suppose -3*g = -2*l - 1, 0 = -4*l - 5*g + 4*g + 5. Let p = 125 - l. List the prime factors of p.
2, 31
Let g(o) = -5*o**3 - 5*o**2 - o + 3. Let s be g(-3). Suppose 0*r = 3*r - s. Suppose -r = -v - 12. What are the prime factors of v?
2, 5
Let t(m) = 11*m + 258. List the prime factors of t(46).
2, 191
What are the prime factors of (5 - 3)/2 + 2415/3?
2, 13, 31
Let v(y) = -5*y**3 - 11*y**2 - 19*y - 19. Let u(o) = -2*o**3 - 5*o**2 - 9*o - 9. Let x(a) = -7*u(a) + 3*v(a). What are the prime factors of x(-4)?
2, 3, 13
Suppose -2*j + 12 = -2*k, -3 = -2*k - k. What are the prime factors of (-7)/(j/(-12))*(-424)/(-24)?
2, 53
Suppose 4*k + 4*u - 2274 = -k, -k + 446 = 3*u. What are the prime factors of k?
2, 229
Let n(a) = 7*a**2 - 3*a - 6. Let t be -3 + -3 + 5 + -3. Let v be n(t). Let y = v - 82. What are the prime factors of y?
2, 3
Let h(j) = 135*j**2 - 4*j - 13. List the prime factors of h(-2).
5, 107
Let c = -4 - -48. Let u = c + -12. List the prime factors of u.
2
Let f(r) be the second derivative of r**4/3 + r**3/3 - r**2 + 13*r. What are the prime factors of f(3)?
2, 5
Let v = -8 + 13. Suppose 4*u - v*b + 5 = -0*u, -3*u + 3*b = 0. Suppose u*o - 46 = 9. What are the prime factors of o?
11
Suppose 5*y + 95 + 240 = 5*m, -327 = 5*y - m. Let d = 118 + y. Suppose 5*a - 12 - d = -4*v, 3*v = -4*a + 49. What are the prime factors of v?
3, 5
Let z be (18/9)/((-14)/6 + 3). Let w(h) = 10*h**2 + 1. Let q be w(1). Let o = z + q. List the prime factors of o.
2, 7
Let z = 21 + 7. Suppose -4*w + 480 - z = 0. What are the prime factors of w?
113
Suppose -15*t - 7968 = -23*t. List the prime factors of t.
2, 3, 83
Let m(i) be the second derivative of -5*i**3 + i**2/2 - 7*i. Let z be m(-2). Let t = z + -20. List the prime factors of t.
41
Let n be 357 + 0/((-2)/(2 + -4)). Let c = -207 + n. List the prime factors of c.
2, 3, 5
Let n be 1/(((-4)/4)/7). Let x = n - -7. Suppose x*a - 4*a = -268. What are the prime factors of a?
67
Suppose k - 641 = 3*s, 2*k + 3*k = -s + 3285. List the prime factors of k.
2, 41
Let t = -49 - -56. What are the prime factors of 75/t - (-12)/42?
11
Suppose -t = -q - 573, t + 3*q = 2*t - 583. What are the prime factors of t?
2, 71
Suppose 2*n + 3*y + 189 = 7*n, n = -2*y + 30. What are the prime factors of n?
2, 3
Let p = 39 - 42. What are the prime factors of p/(-3) + 160/2?
3
Let s = 24 - -596. List the prime factors of s.
2, 5, 31
Let w = 1447 - 547. List the prime factors of w.
2, 3, 5
Suppose -2*n - 3 = 29. Let i be 8/n + (-54)/(-4). Let l = i - -2. What are the prime factors of l?
3, 5
Let p(b) = -3*b - 10. Suppose 31 = -2*n + 5*a, -2*n = n - 2*a + 30. List the prime factors of p(n).
2, 7
Suppose 10885 = 5*t + 5*f, 0*t + 4*t - 8723 = -f. What are the prime factors of t?
2, 1091
Let g = -29 - -34. Suppose 4*u = g*l - 119 - 32, -3*l - 2*u = -73. List the prime factors of l.
3
Suppose 0 = 2*g - 2012 - 974. List the prime factors of g.
1493
Let k(c) = c**3 - 14*c**2 - 40*c - 28. What are the prime factors of k(18)?
2, 137
Let q(l) = l**3 - 28*l**2 + 56*l + 4. What are the prime factors of q(26)?
2, 3
Let l = 242 + -71. What are the prime factors of l?
3, 19
Suppose 0 = 8*n + n - 234. Suppose -5*h + 0*h + 65 = 0. Let o = n + h. What are the prime factors of o?
3, 13
What are the prime factors of -4 + -50*(-41 - (-5 - -5))?
2, 3, 11, 31
Suppose -108*z = -104*z - 13236. List the prime factors of z.
3, 1103
Let f = -52 + 86. Let l = f + 23. Suppose 0 = -14*m + 11*m + l. List the prime factors of m.
19
Suppose 28*l + 48*l = 16264. List the prime factors of l.
2, 107
Let h(v) = -v + 3. Let x be h(3). What are the prime factors of (x - -2)/((-148)/52 + 3)?
13
Suppose -2*j - 2*j + 56 = 0. Suppose 9*t + 330 = j*t. What are the prime factors of t?
2, 3, 11
List the prime factors of 4/(2*-1)*12555/(-54).
3, 5, 31
Suppose 4*s - 20 = 9*s. Suppose -4*n - 3*c - 112 = 0, -4*n - 55 = -n - 5*c. What are the prime factors of s/10 - 1260/n?
2, 5
Let l(q) = 2*q**3 - q**2 + 1. Let d be l(-1). Let b(o) be the third derivative of -19*o**4/24 + 2*o**3/3 + 19*o**2 - 2. What are the prime factors of b(d)?
2, 3, 7
Let t(l) = 11*l**2 + 12*l + 6. List the prime factors of t(-6).
2, 3, 5, 11
Let c = -465 + 918. List the prime factors of c.
3, 151
Let a be (-1)/3 - 43/(-3). Let v(z) = 7 - 4*z - 8*z**2 + 3*z - 2*z**2 + a*z**2 + z**3. What are the prime factors of v(-3)?
19
Suppose -12 = p + 3. Let j = -13 - p. Suppose 2*r + j*h - 12 = 0, 5*r = -4*h + 22 + 8. List the prime factors of r.
2, 3
Let q(a) = -a**2 + 7*a - 7. Let f be q(6). Let y be 35/4 + f/(-4). Suppose -y - 15 = -2*b. List the prime factors of b.
2, 3
Suppose 0 = x + 2 - 4. Let n be (-624)/144*-3*13*1. Suppose n = 3*z + 4*q, -4*z = z + x*q - 263. What are the prime factors of z?
3, 17
Let s(n) = 56*n**2 + 252*n + 8. What are the prime factors of s(7)?
2, 1129
Suppose 0 = 5*a, -6*b + 10 = -b + 5*a. Let v = b + 2. Suppose v*q - 215 = -q. List the prime factors of q.
43
Let l(r) = 7*r + 14. Supp